{"id":12721,"date":"2023-11-28T14:33:13","date_gmt":"2023-11-28T13:33:13","guid":{"rendered":"https:\/\/csklublin.pl\/?post_type=wydarzenia&#038;p=12721"},"modified":"2023-12-11T07:33:20","modified_gmt":"2023-12-11T06:33:20","slug":"koledy-swiata-male-laboratorium-muzyki-mlode-csk","status":"publish","type":"wydarzenia","link":"https:\/\/csklublin.pl\/en\/wydarzenia\/koledy-swiata-male-laboratorium-muzyki-mlode-csk\/","title":{"rendered":"Kol\u0119dy \u015awiata &#8211; Ma\u0142e Laboratorium Muzyki\/M\u0141ODE CSK"},"content":{"rendered":"\n<p>B\u0119dzie to wyj\u0105tkowe muzyczne spotkanie, kt\u00f3re przeniesie nas w \u015bwiat d\u017awi\u0119k\u00f3w, barw i emocji, kojarz\u0105cych si\u0119 z Bo\u017cym Narodzeniem.<\/p>\n\n\n\n<p>B\u0119dzie to nie tylko muzyczna podr\u00f3\u017c przez r\u00f3\u017cne zak\u0105tki \u015bwiata, ale r\u00f3wnie\u017c chwila wsp\u00f3lnego muzykowania w wyj\u0105tkowej atmosferze \u015awi\u0105t Bo\u017cego Narodzenia.<\/p>\n\n\n\n<p>Wyst\u0105pi\u0105: Joanna G\u0142ogowska-Szychta &#8211; \u015bpiew, Paulina Jurczyszyn &#8211; \u015bpiew, Maksymilian M\u0142ynek &#8211; saksofon, Patryk Czy\u017cewski &#8211; instrumenty klawiszowe, Krzysztof Redas &#8211; instrumenty perkusyjne.<\/p>\n\n\n\n<p>\u201eMa\u0142e Laboratorium Muzyki\u201d &#8211; to cykl spotka\u0144-koncert\u00f3w z muzyk\u0105 wokaln\u0105 i instrumentaln\u0105 dedykowany dzieciom od 0 do 6 roku \u017cycia wraz z opiekunami.<\/p>\n\n\n\n<p>Traktujemy muzyk\u0119 jako wsp\u00f3lny, naturalny j\u0119zyk komunikacji w czym dzieci bardzo dobrze si\u0119 odnajduj\u0105.<\/p>\n\n\n\n<p>Tworzymy warunki, aby reakcje dzieci na muzyk\u0119 by\u0142y nieskr\u0119powane i jak najbardziej naturalne, pobudzamy zmys\u0142y rytmicznym ko\u0142ysaniem, ta\u0144czeniem, rytmizowaniem, \u015bpiewaniem.<\/p>\n\n\n\n<p>Tworzymy form\u0119 umuzykalniania najm\u0142odszych opartych na pedagogice muzycznej Edwina E. Gordona &#8211; uznanego muzyka, pedagoga oraz psychologa muzyki, autora wielu publikacji z zakresu edukacji muzycznej.<\/p>\n\n\n\n<p>\u2139 09.12.2023 &#8211; 10.12.2023 | 10.00 i 11.15<br>Bilety (dzieci: 20 z\u0142, doro\u015bli: 35 z\u0142): Kasa CSK oraz <a href=\"https:\/\/bilety.csklublin.pl\">https:\/\/bilety.csklublin.pl<\/a><\/p>\n\n\n\n<p>Plan na ca\u0142y sezon 2024:<br>20-21.01 Zapusty<br>17-18.02 Muzyka z zamierzch\u0142ych czas\u00f3w.<br>16-17.03 Gitarowe-love.<br>14.04 Na \u0142\u0105ce i w lesie co nam wiosna niesie?<br>11.05 Big beat i ju\u017c<br>15.06 Wakacyjna fiesta<\/p>\n","protected":false},"excerpt":{"rendered":"<p>B\u0119dzie to wyj\u0105tkowe muzyczne spotkanie, kt\u00f3re przeniesie nas w \u015bwiat d\u017awi\u0119k\u00f3w, barw i emocji, kojarz\u0105cych si\u0119 z Bo\u017cym Narodzeniem. B\u0119dzie to nie tylko muzyczna podr\u00f3\u017c przez r\u00f3\u017cne zak\u0105tki \u015bwiata, ale r\u00f3wnie\u017c chwila wsp\u00f3lnego muzykowania w wyj\u0105tkowej atmosferze \u015awi\u0105t Bo\u017cego Narodzenia. Wyst\u0105pi\u0105: Joanna G\u0142ogowska-Szychta &#8211; \u015bpiew, Paulina Jurczyszyn &#8211; \u015bpiew, Maksymilian M\u0142ynek &#8211; saksofon, Patryk Czy\u017cewski [&hellip;]<\/p>\n","protected":false},"featured_media":12722,"template":"","format":"standard","meta":{"_acf_changed":false,"inline_featured_image":false,"footnotes":""},"class_list":["post-12721","wydarzenia","type-wydarzenia","status-publish","format-standard","has-post-thumbnail","hentry"],"acf":[],"_links":{"self":[{"href":"https:\/\/csklublin.pl\/en\/wp-json\/wp\/v2\/wydarzenia\/12721","targetHints":{"allow":["GET"]}}],"collection":[{"href":"https:\/\/csklublin.pl\/en\/wp-json\/wp\/v2\/wydarzenia"}],"about":[{"href":"https:\/\/csklublin.pl\/en\/wp-json\/wp\/v2\/types\/wydarzenia"}],"version-history":[{"count":3,"href":"https:\/\/csklublin.pl\/en\/wp-json\/wp\/v2\/wydarzenia\/12721\/revisions"}],"predecessor-version":[{"id":13053,"href":"https:\/\/csklublin.pl\/en\/wp-json\/wp\/v2\/wydarzenia\/12721\/revisions\/13053"}],"wp:featuredmedia":[{"embeddable":true,"href":"https:\/\/csklublin.pl\/en\/wp-json\/wp\/v2\/media\/12722"}],"wp:attachment":[{"href":"https:\/\/csklublin.pl\/en\/wp-json\/wp\/v2\/media?parent=12721"}],"curies":[{"name":"wp","href":"https:\/\/api.w.org\/{rel}","templated":true}]}}

Kolędy Świata &#8211; Małe Laboratorium Muzyki/MŁODE CSK

<p>Będzie to wyjątkowe muzyczne spotkanie, które przeniesie nas w świat dźwięków, barw i emocji, kojarzących się z Bożym Narodzeniem.</p>



<p>Będzie to nie tylko muzyczna podróż przez różne zakątki świata, ale również chwila wspólnego muzykowania w wyjątkowej atmosferze Świąt Bożego Narodzenia.</p>



<p>Wystąpią: Joanna Głogowska-Szychta &#8211; śpiew, Paulina Jurczyszyn &#8211; śpiew, Maksymilian Młynek &#8211; saksofon, Patryk Czyżewski &#8211; instrumenty klawiszowe, Krzysztof Redas &#8211; instrumenty perkusyjne.</p>



<p>„Małe Laboratorium Muzyki” &#8211; to cykl spotkań-koncertów z muzyką wokalną i instrumentalną dedykowany dzieciom od 0 do 6 roku życia wraz z opiekunami.</p>



<p>Traktujemy muzykę jako wspólny, naturalny język komunikacji w czym dzieci bardzo dobrze się odnajdują.</p>



<p>Tworzymy warunki, aby reakcje dzieci na muzykę były nieskrępowane i jak najbardziej naturalne, pobudzamy zmysły rytmicznym kołysaniem, tańczeniem, rytmizowaniem, śpiewaniem.</p>



<p>Tworzymy formę umuzykalniania najmłodszych opartych na pedagogice muzycznej Edwina E. Gordona &#8211; uznanego muzyka, pedagoga oraz psychologa muzyki, autora wielu publikacji z zakresu edukacji muzycznej.</p>



<p>ℹ 09.12.2023 &#8211; 10.12.2023 | 10.00 i 11.15<br>Bilety (dzieci: 20 zł, dorośli: 35 zł): Kasa CSK oraz <a href="https://bilety.csklublin.pl">https://bilety.csklublin.pl</a></p>



<p>Plan na cały sezon 2024:<br>20-21.01 Zapusty<br>17-18.02 Muzyka z zamierzchłych czasów.<br>16-17.03 Gitarowe-love.<br>14.04 Na łące i w lesie co nam wiosna niesie?<br>11.05 Big beat i już<br>15.06 Wakacyjna fiesta</p>

<p>Będzie to wyjątkowe muzyczne spotkanie, które przeniesie nas w świat dźwięków, barw i emocji, kojarzących się z Bożym Narodzeniem. Będzie to nie tylko muzyczna podróż przez różne zakątki świata, ale również chwila wspólnego muzykowania w wyjątkowej atmosferze Świąt Bożego Narodzenia. Wystąpią: Joanna Głogowska-Szychta &#8211; śpiew, Paulina Jurczyszyn &#8211; śpiew, Maksymilian Młynek &#8211; saksofon, Patryk Czyżewski [&hellip;]</p>
