{"id":14940,"date":"2024-02-28T13:26:51","date_gmt":"2024-02-28T12:26:51","guid":{"rendered":"https:\/\/csklublin.pl\/?post_type=wydarzenia&#038;p=14940"},"modified":"2024-09-24T09:56:41","modified_gmt":"2024-09-24T07:56:41","slug":"iv-konkurs-wokalny-im-antoniny-campi-z-miklaszewiczow-antonina-campi-vocal-competition","status":"publish","type":"wydarzenia","link":"https:\/\/csklublin.pl\/en\/wydarzenia\/iv-konkurs-wokalny-im-antoniny-campi-z-miklaszewiczow-antonina-campi-vocal-competition\/","title":{"rendered":"IV Konkurs Wokalny im. Antoniny Campi z Miklaszewicz\u00f3w | Antonina Campi Vocal Competition"},"content":{"rendered":"\n<p>7 kwietnia (niedziela) &#8211; wielki koncert operowy finalist\u00f3w tegorocznej edycji Mi\u0119dzynarodowego Konkursu Wokalnego im. Antoniny Campi z Miklaszewicz\u00f3w: m\u0142odzi \u015bpiewacy i m\u0142ode \u015bpiewaczki z Polski i ca\u0142ego \u015bwiata wykonaj\u0105 arie operowe w towarzyszeniem wspania\u0142ej Orkiestry Akademii Beethovenowskiej pod batut\u0105 Maestro \u0141ukasza Borowicza, kt\u00f3ra zagra r\u00f3wnie\u017c uwertur\u0119 do \u201eWesela Figara\u201d Wolfganga Amadeusa Mozarta i \u201eZemsty nietoperza\u201d Johanna Straussa, a tak\u017ce intermezzo z \u201eRycersko\u015bci wie\u015bniaczej\u201d Pietra Mascagniego.<\/p>\n\n\n\n<p>Ju\u017c po raz czwarty w Sali Operowej Centrum Spotkania Kultur w Lublinie odb\u0119dzie si\u0119 Mi\u0119dzynarodowy Konkurs Wokalny im. Antoniny Campi z Miklaszewicz\u00f3w \u2013 jedyne tak du\u017ce wydarzenie kulturalne we wschodniej Polsce po\u015bwi\u0119cone muzyce operowej i edukacji wokalist\u00f3w i wokalistek klasycznych, a tak\u017ce mi\u0119dzynarodowa profesjonalna platforma artystyczna, kt\u00f3ra zaprasza na wyj\u0105tkowe projekty operowe co roku nieprzerwanie od 2017.<\/p>\n\n\n\n<p>W dniach 3-5.04.2024 r. odb\u0119d\u0105 si\u0119 I i II etap przes\u0142ucha\u0144, do kt\u00f3rych przyst\u0105pi 50 uczestnik\u00f3w zakwalifikowanych do Konkursu z kilkunastu r\u00f3\u017cnych kraj\u00f3w.<\/p>\n\n\n\n<p>Kolejnego dnia wybrani przez Jury do II etapu uczestnicy powalcz\u0105 o udzia\u0142 w Koncercie Fina\u0142owym. Wst\u0119p na przes\u0142uchania, kt\u00f3re odb\u0119d\u0105 si\u0119 w Sali koncertowej Szko\u0142y Muzycznej I i II stopnia im. T. Szeligowskiego jest wolny.<\/p>\n\n\n\n<p>W koncercie fina\u0142owym najlepsi uczestnicy i najlepsze uczestniczki Konkursu wykonaj\u0105 zr\u00f3\u017cnicowany program sk\u0142adaj\u0105cy si\u0119 arii operowych, a towarzyszy\u0107 im b\u0119dzie niezawodna Orkiestra Akademii Beethovenowskiej pod dyrekcj\u0105 Maestro \u0141ukasza Borowicza. IV Mi\u0119dzynarodowy Konkurs Wokalny im. Antoniny Campi z Miklaszewicz\u00f3w b\u0119dzie jednym z najwi\u0119kszych wydarze\u0144 muzyki klasycznej na Lubelszczy\u017anie w 2024 roku.<\/p>\n\n\n\n<p>Na Koncert fina\u0142owy bezp\u0142atne wej\u015bci\u00f3wki do pobrania w Kasie CSK oraz na stronie <a href=\"https:\/\/bilety.csklublin.pl\/numerowane.html?id=4991&amp;identyfikator=0acfcedab265425bfc66f1f315e53252\">bilety.csklublin.pl<\/a>.<\/p>\n\n\n\n<p><strong>Dofinansowano ze \u015brodk\u00f3w Ministra Kultury i Dziedzictwa Narodowego pochodz\u0105cych z Funduszu Promocji Kultury \u2013 pa\u0144stwowego funduszu celowego, w ramach programu \u201eMuzyka\u201d, realizowanego przez Narodowy Instytut Muzyki i Ta\u0144ca<\/strong>.<\/p>\n\n\n\n<figure class=\"wp-block-image size-large\"><img loading=\"lazy\" decoding=\"async\" width=\"1024\" height=\"288\" src=\"https:\/\/csklublin.pl\/wp-content\/uploads\/2024\/09\/Logo_MKiDN_PL_kolor_biale_tlo_CMYK-1024x288.jpg\" alt=\"\" class=\"wp-image-18807\" srcset=\"https:\/\/csklublin.pl\/wp-content\/uploads\/2024\/09\/Logo_MKiDN_PL_kolor_biale_tlo_CMYK-1024x288.jpg 1024w, https:\/\/csklublin.pl\/wp-content\/uploads\/2024\/09\/Logo_MKiDN_PL_kolor_biale_tlo_CMYK-300x84.jpg 300w, https:\/\/csklublin.pl\/wp-content\/uploads\/2024\/09\/Logo_MKiDN_PL_kolor_biale_tlo_CMYK-768x216.jpg 768w, https:\/\/csklublin.pl\/wp-content\/uploads\/2024\/09\/Logo_MKiDN_PL_kolor_biale_tlo_CMYK-1536x432.jpg 1536w, https:\/\/csklublin.pl\/wp-content\/uploads\/2024\/09\/Logo_MKiDN_PL_kolor_biale_tlo_CMYK.jpg 1600w\" sizes=\"auto, (max-width: 1024px) 100vw, 1024px\" \/><\/figure>\n\n\n\n<figure class=\"wp-block-image size-large\"><img loading=\"lazy\" decoding=\"async\" width=\"1024\" height=\"648\" src=\"https:\/\/csklublin.pl\/wp-content\/uploads\/2024\/09\/Logo_NIMIT_RGB_kolor_poziom-1024x648.png\" alt=\"\" class=\"wp-image-18809\" srcset=\"https:\/\/csklublin.pl\/wp-content\/uploads\/2024\/09\/Logo_NIMIT_RGB_kolor_poziom-1024x648.png 1024w, https:\/\/csklublin.pl\/wp-content\/uploads\/2024\/09\/Logo_NIMIT_RGB_kolor_poziom-300x190.png 300w, https:\/\/csklublin.pl\/wp-content\/uploads\/2024\/09\/Logo_NIMIT_RGB_kolor_poziom-768x486.png 768w, https:\/\/csklublin.pl\/wp-content\/uploads\/2024\/09\/Logo_NIMIT_RGB_kolor_poziom.png 1500w\" sizes=\"auto, (max-width: 1024px) 100vw, 1024px\" \/><\/figure>\n","protected":false},"excerpt":{"rendered":"<p>7 kwietnia (niedziela) &#8211; wielki koncert operowy finalist\u00f3w tegorocznej edycji Mi\u0119dzynarodowego Konkursu Wokalnego im. Antoniny Campi z Miklaszewicz\u00f3w: m\u0142odzi \u015bpiewacy i m\u0142ode \u015bpiewaczki z Polski i ca\u0142ego \u015bwiata wykonaj\u0105 arie operowe w towarzyszeniem wspania\u0142ej Orkiestry Akademii Beethovenowskiej pod batut\u0105 Maestro \u0141ukasza Borowicza, kt\u00f3ra zagra r\u00f3wnie\u017c uwertur\u0119 do \u201eWesela Figara\u201d Wolfganga Amadeusa Mozarta i \u201eZemsty nietoperza\u201d [&hellip;]<\/p>\n","protected":false},"featured_media":14941,"template":"","format":"standard","meta":{"_acf_changed":false,"inline_featured_image":false,"footnotes":""},"class_list":["post-14940","wydarzenia","type-wydarzenia","status-publish","format-standard","has-post-thumbnail","hentry"],"acf":[],"_links":{"self":[{"href":"https:\/\/csklublin.pl\/en\/wp-json\/wp\/v2\/wydarzenia\/14940","targetHints":{"allow":["GET"]}}],"collection":[{"href":"https:\/\/csklublin.pl\/en\/wp-json\/wp\/v2\/wydarzenia"}],"about":[{"href":"https:\/\/csklublin.pl\/en\/wp-json\/wp\/v2\/types\/wydarzenia"}],"version-history":[{"count":7,"href":"https:\/\/csklublin.pl\/en\/wp-json\/wp\/v2\/wydarzenia\/14940\/revisions"}],"predecessor-version":[{"id":18814,"href":"https:\/\/csklublin.pl\/en\/wp-json\/wp\/v2\/wydarzenia\/14940\/revisions\/18814"}],"wp:featuredmedia":[{"embeddable":true,"href":"https:\/\/csklublin.pl\/en\/wp-json\/wp\/v2\/media\/14941"}],"wp:attachment":[{"href":"https:\/\/csklublin.pl\/en\/wp-json\/wp\/v2\/media?parent=14940"}],"curies":[{"name":"wp","href":"https:\/\/api.w.org\/{rel}","templated":true}]}}

IV Konkurs Wokalny im. Antoniny Campi z Miklaszewiczów | Antonina Campi Vocal Competition

<p>7 kwietnia (niedziela) &#8211; wielki koncert operowy finalistów tegorocznej edycji Międzynarodowego Konkursu Wokalnego im. Antoniny Campi z Miklaszewiczów: młodzi śpiewacy i młode śpiewaczki z Polski i całego świata wykonają arie operowe w towarzyszeniem wspaniałej Orkiestry Akademii Beethovenowskiej pod batutą Maestro Łukasza Borowicza, która zagra również uwerturę do „Wesela Figara” Wolfganga Amadeusa Mozarta i „Zemsty nietoperza” Johanna Straussa, a także intermezzo z „Rycerskości wieśniaczej” Pietra Mascagniego.</p>



<p>Już po raz czwarty w Sali Operowej Centrum Spotkania Kultur w Lublinie odbędzie się Międzynarodowy Konkurs Wokalny im. Antoniny Campi z Miklaszewiczów – jedyne tak duże wydarzenie kulturalne we wschodniej Polsce poświęcone muzyce operowej i edukacji wokalistów i wokalistek klasycznych, a także międzynarodowa profesjonalna platforma artystyczna, która zaprasza na wyjątkowe projekty operowe co roku nieprzerwanie od 2017.</p>



<p>W dniach 3-5.04.2024 r. odbędą się I i II etap przesłuchań, do których przystąpi 50 uczestników zakwalifikowanych do Konkursu z kilkunastu różnych krajów.</p>



<p>Kolejnego dnia wybrani przez Jury do II etapu uczestnicy powalczą o udział w Koncercie Finałowym. Wstęp na przesłuchania, które odbędą się w Sali koncertowej Szkoły Muzycznej I i II stopnia im. T. Szeligowskiego jest wolny.</p>



<p>W koncercie finałowym najlepsi uczestnicy i najlepsze uczestniczki Konkursu wykonają zróżnicowany program składający się arii operowych, a towarzyszyć im będzie niezawodna Orkiestra Akademii Beethovenowskiej pod dyrekcją Maestro Łukasza Borowicza. IV Międzynarodowy Konkurs Wokalny im. Antoniny Campi z Miklaszewiczów będzie jednym z największych wydarzeń muzyki klasycznej na Lubelszczyźnie w 2024 roku.</p>



<p>Na Koncert finałowy bezpłatne wejściówki do pobrania w Kasie CSK oraz na stronie <a href="https://bilety.csklublin.pl/numerowane.html?id=4991&amp;identyfikator=0acfcedab265425bfc66f1f315e53252">bilety.csklublin.pl</a>.</p>



<p><strong>Dofinansowano ze środków Ministra Kultury i Dziedzictwa Narodowego pochodzących z Funduszu Promocji Kultury – państwowego funduszu celowego, w ramach programu „Muzyka”, realizowanego przez Narodowy Instytut Muzyki i Tańca</strong>.</p>



<figure class="wp-block-image size-large"><img loading="lazy" decoding="async" width="1024" height="288" src="https://csklublin.pl/wp-content/uploads/2024/09/Logo_MKiDN_PL_kolor_biale_tlo_CMYK-1024x288.jpg" alt="" class="wp-image-18807" srcset="https://csklublin.pl/wp-content/uploads/2024/09/Logo_MKiDN_PL_kolor_biale_tlo_CMYK-1024x288.jpg 1024w, https://csklublin.pl/wp-content/uploads/2024/09/Logo_MKiDN_PL_kolor_biale_tlo_CMYK-300x84.jpg 300w, https://csklublin.pl/wp-content/uploads/2024/09/Logo_MKiDN_PL_kolor_biale_tlo_CMYK-768x216.jpg 768w, https://csklublin.pl/wp-content/uploads/2024/09/Logo_MKiDN_PL_kolor_biale_tlo_CMYK-1536x432.jpg 1536w, https://csklublin.pl/wp-content/uploads/2024/09/Logo_MKiDN_PL_kolor_biale_tlo_CMYK.jpg 1600w" sizes="auto, (max-width: 1024px) 100vw, 1024px" /></figure>



<figure class="wp-block-image size-large"><img loading="lazy" decoding="async" width="1024" height="648" src="https://csklublin.pl/wp-content/uploads/2024/09/Logo_NIMIT_RGB_kolor_poziom-1024x648.png" alt="" class="wp-image-18809" srcset="https://csklublin.pl/wp-content/uploads/2024/09/Logo_NIMIT_RGB_kolor_poziom-1024x648.png 1024w, https://csklublin.pl/wp-content/uploads/2024/09/Logo_NIMIT_RGB_kolor_poziom-300x190.png 300w, https://csklublin.pl/wp-content/uploads/2024/09/Logo_NIMIT_RGB_kolor_poziom-768x486.png 768w, https://csklublin.pl/wp-content/uploads/2024/09/Logo_NIMIT_RGB_kolor_poziom.png 1500w" sizes="auto, (max-width: 1024px) 100vw, 1024px" /></figure>

<p>7 kwietnia (niedziela) &#8211; wielki koncert operowy finalistów tegorocznej edycji Międzynarodowego Konkursu Wokalnego im. Antoniny Campi z Miklaszewiczów: młodzi śpiewacy i młode śpiewaczki z Polski i całego świata wykonają arie operowe w towarzyszeniem wspaniałej Orkiestry Akademii Beethovenowskiej pod batutą Maestro Łukasza Borowicza, która zagra również uwerturę do „Wesela Figara” Wolfganga Amadeusa Mozarta i „Zemsty nietoperza” [&hellip;]</p>
