{"id":17542,"date":"2024-07-23T11:26:19","date_gmt":"2024-07-23T09:26:19","guid":{"rendered":"https:\/\/csklublin.pl\/?post_type=wydarzenia&#038;p=17542"},"modified":"2024-07-23T11:26:59","modified_gmt":"2024-07-23T09:26:59","slug":"rzeka-bug-river-stanislaw-baj","status":"publish","type":"wydarzenia","link":"https:\/\/csklublin.pl\/en\/wydarzenia\/rzeka-bug-river-stanislaw-baj\/","title":{"rendered":"Rzeka BUG River. Stanis\u0142aw Baj"},"content":{"rendered":"\n<p><strong>WYSTAWA<\/strong><\/p>\n\n\n\n<p>W imponuj\u0105cej tw\u00f3rczo\u015bci malarskiej prof. Stanis\u0142awa Baja zakorzenionej w tradycji i historii Lubelszczyzny, regionu, z kt\u00f3rym zwi\u0105zane jest jego \u017cycie osobiste i artystyczne, szczeg\u00f3lne miejsce zajmuje temat rzeki Bug. Od przesz\u0142o \u0107wier\u0107wiecza Baj maluje wci\u0105\u017c tylko t\u0119 jedn\u0105 rzek\u0119, jedno zakole Bugu. Namalowa\u0142 j\u0105 o ka\u017cdej porze dnia, nocy i roku. Na przestrzeni lat powsta\u0142y setki obraz\u00f3w tego miejsca; od prawie realistycznych, wielobarwnych ekspresyjnych pejza\u017cy, przez monochromatyczne, z\u0142owrogie, smolisto czarne, a\u017c do kontemplacyjnych abstrakcji, gdzie tylko jedna, idealna pozioma kreska, dowodzi, \u017ce patrzymy na rzek\u0119 w ruchu, dowodzi obecno\u015bci malarza w tym miejscu w czasie.<br>Wystawa \u201eRzeka BUG River\u201d skupiaj\u0105ca si\u0119 wy\u0142\u0105cznie na tym jednym temacie, to metafizyczna podr\u00f3\u017c w g\u0142\u0105b ludzkiego postrzegania natury i bogatej symboliki wody, ciemno\u015bci i \u015bwiat\u0142a.. Tytu\u0142owa Rzeka jest tajemnic\u0105, \u015bwiadkiem ludzkich historii i czym\u015b do namalowania w swej istocie niemo\u017cliwym, a jednocze\u015bnie namalowanym wielokrotnie.<\/p>\n\n\n\n<p>Wystawi\u0119 zwie\u0144czy ekspozycja najwi\u0119kszego obrazu Stanis\u0142awa Baja pt. \u201eRzeka Bug\u201d z 2018 roku (200&#215;450 cm) u szczytu g\u0142\u00f3wnych schod\u00f3w Instytucji. W tym, dost\u0119pnym dla wszystkich miejscu ka\u017cdy go\u015b\u0107 b\u0119dzie m\u00f3g\u0142 zobaczy\u0107, kontemplowa\u0107, ba, po schodach wej\u015b\u0107 w ten zmierzch w nadbu\u017ca\u0144skim pejza\u017cu i doceni\u0107 wielki talent i umiej\u0119tno\u015bci tego wybitnego malarza, cz\u0142onka Polskiej Akademii Umiej\u0119tno\u015bci, uhonorowanego w 2023 roku Z\u0142otym Medalem Gloria Artis &#8211; najwy\u017cszym pa\u0144stwowym odznaczeniem.<\/p>\n\n\n\n<p><strong>Partner wystawy: <\/strong>Fundacja Wachta Art<br><strong>Patronat medialny wystawy:<\/strong> Artinfo<br><strong>Kuratorka wystawy: <\/strong>Anna Wachta<br><strong>Wsp\u00f3\u0142kuratorka wystawy:<\/strong> Ma\u0142gorzata P\u0142osko\u0144<br><strong>Koordynacja dzia\u0142a\u0144 wystawienniczych:<\/strong> Ma\u0142gorzata P\u0142osko\u0144, Klaudia Brzuch, Agnieszka Sulimierska<br><\/p>\n\n\n\n<figure class=\"wp-block-image size-large\"><img loading=\"lazy\" decoding=\"async\" width=\"1024\" height=\"390\" src=\"https:\/\/csklublin.pl\/wp-content\/uploads\/2024\/07\/Baj-Rzeka-Bug-River_formatki7-1024x390.png\" alt=\"\" class=\"wp-image-17543\" srcset=\"https:\/\/csklublin.pl\/wp-content\/uploads\/2024\/07\/Baj-Rzeka-Bug-River_formatki7-1024x390.png 1024w, https:\/\/csklublin.pl\/wp-content\/uploads\/2024\/07\/Baj-Rzeka-Bug-River_formatki7-300x114.png 300w, https:\/\/csklublin.pl\/wp-content\/uploads\/2024\/07\/Baj-Rzeka-Bug-River_formatki7-768x292.png 768w, https:\/\/csklublin.pl\/wp-content\/uploads\/2024\/07\/Baj-Rzeka-Bug-River_formatki7.png 1367w\" sizes=\"auto, (max-width: 1024px) 100vw, 1024px\" \/><\/figure>\n","protected":false},"excerpt":{"rendered":"<p>WYSTAWA W imponuj\u0105cej tw\u00f3rczo\u015bci malarskiej prof. Stanis\u0142awa Baja zakorzenionej w tradycji i historii Lubelszczyzny, regionu, z kt\u00f3rym zwi\u0105zane jest jego \u017cycie osobiste i artystyczne, szczeg\u00f3lne miejsce zajmuje temat rzeki Bug. Od przesz\u0142o \u0107wier\u0107wiecza Baj maluje wci\u0105\u017c tylko t\u0119 jedn\u0105 rzek\u0119, jedno zakole Bugu. Namalowa\u0142 j\u0105 o ka\u017cdej porze dnia, nocy i roku. Na przestrzeni lat [&hellip;]<\/p>\n","protected":false},"featured_media":17545,"template":"","format":"standard","meta":{"_acf_changed":false,"inline_featured_image":false,"footnotes":""},"class_list":["post-17542","wydarzenia","type-wydarzenia","status-publish","format-standard","has-post-thumbnail","hentry"],"acf":[],"_links":{"self":[{"href":"https:\/\/csklublin.pl\/en\/wp-json\/wp\/v2\/wydarzenia\/17542","targetHints":{"allow":["GET"]}}],"collection":[{"href":"https:\/\/csklublin.pl\/en\/wp-json\/wp\/v2\/wydarzenia"}],"about":[{"href":"https:\/\/csklublin.pl\/en\/wp-json\/wp\/v2\/types\/wydarzenia"}],"version-history":[{"count":2,"href":"https:\/\/csklublin.pl\/en\/wp-json\/wp\/v2\/wydarzenia\/17542\/revisions"}],"predecessor-version":[{"id":17548,"href":"https:\/\/csklublin.pl\/en\/wp-json\/wp\/v2\/wydarzenia\/17542\/revisions\/17548"}],"wp:featuredmedia":[{"embeddable":true,"href":"https:\/\/csklublin.pl\/en\/wp-json\/wp\/v2\/media\/17545"}],"wp:attachment":[{"href":"https:\/\/csklublin.pl\/en\/wp-json\/wp\/v2\/media?parent=17542"}],"curies":[{"name":"wp","href":"https:\/\/api.w.org\/{rel}","templated":true}]}}

Rzeka BUG River. Stanisław Baj

<p><strong>WYSTAWA</strong></p>



<p>W imponującej twórczości malarskiej prof. Stanisława Baja zakorzenionej w tradycji i historii Lubelszczyzny, regionu, z którym związane jest jego życie osobiste i artystyczne, szczególne miejsce zajmuje temat rzeki Bug. Od przeszło ćwierćwiecza Baj maluje wciąż tylko tę jedną rzekę, jedno zakole Bugu. Namalował ją o każdej porze dnia, nocy i roku. Na przestrzeni lat powstały setki obrazów tego miejsca; od prawie realistycznych, wielobarwnych ekspresyjnych pejzaży, przez monochromatyczne, złowrogie, smolisto czarne, aż do kontemplacyjnych abstrakcji, gdzie tylko jedna, idealna pozioma kreska, dowodzi, że patrzymy na rzekę w ruchu, dowodzi obecności malarza w tym miejscu w czasie.<br>Wystawa „Rzeka BUG River” skupiająca się wyłącznie na tym jednym temacie, to metafizyczna podróż w głąb ludzkiego postrzegania natury i bogatej symboliki wody, ciemności i światła.. Tytułowa Rzeka jest tajemnicą, świadkiem ludzkich historii i czymś do namalowania w swej istocie niemożliwym, a jednocześnie namalowanym wielokrotnie.</p>



<p>Wystawię zwieńczy ekspozycja największego obrazu Stanisława Baja pt. „Rzeka Bug” z 2018 roku (200&#215;450 cm) u szczytu głównych schodów Instytucji. W tym, dostępnym dla wszystkich miejscu każdy gość będzie mógł zobaczyć, kontemplować, ba, po schodach wejść w ten zmierzch w nadbużańskim pejzażu i docenić wielki talent i umiejętności tego wybitnego malarza, członka Polskiej Akademii Umiejętności, uhonorowanego w 2023 roku Złotym Medalem Gloria Artis &#8211; najwyższym państwowym odznaczeniem.</p>



<p><strong>Partner wystawy: </strong>Fundacja Wachta Art<br><strong>Patronat medialny wystawy:</strong> Artinfo<br><strong>Kuratorka wystawy: </strong>Anna Wachta<br><strong>Współkuratorka wystawy:</strong> Małgorzata Płoskoń<br><strong>Koordynacja działań wystawienniczych:</strong> Małgorzata Płoskoń, Klaudia Brzuch, Agnieszka Sulimierska<br></p>



<figure class="wp-block-image size-large"><img loading="lazy" decoding="async" width="1024" height="390" src="https://csklublin.pl/wp-content/uploads/2024/07/Baj-Rzeka-Bug-River_formatki7-1024x390.png" alt="" class="wp-image-17543" srcset="https://csklublin.pl/wp-content/uploads/2024/07/Baj-Rzeka-Bug-River_formatki7-1024x390.png 1024w, https://csklublin.pl/wp-content/uploads/2024/07/Baj-Rzeka-Bug-River_formatki7-300x114.png 300w, https://csklublin.pl/wp-content/uploads/2024/07/Baj-Rzeka-Bug-River_formatki7-768x292.png 768w, https://csklublin.pl/wp-content/uploads/2024/07/Baj-Rzeka-Bug-River_formatki7.png 1367w" sizes="auto, (max-width: 1024px) 100vw, 1024px" /></figure>

<p>WYSTAWA W imponującej twórczości malarskiej prof. Stanisława Baja zakorzenionej w tradycji i historii Lubelszczyzny, regionu, z którym związane jest jego życie osobiste i artystyczne, szczególne miejsce zajmuje temat rzeki Bug. Od przeszło ćwierćwiecza Baj maluje wciąż tylko tę jedną rzekę, jedno zakole Bugu. Namalował ją o każdej porze dnia, nocy i roku. Na przestrzeni lat [&hellip;]</p>
