{"id":18234,"date":"2024-08-28T11:52:01","date_gmt":"2024-08-28T09:52:01","guid":{"rendered":"https:\/\/csklublin.pl\/?post_type=wydarzenia&#038;p=18234"},"modified":"2024-08-28T14:50:41","modified_gmt":"2024-08-28T12:50:41","slug":"galeria-duchow-wernisaz-wystawy-dominiki-czerniak-chojnackiej-ojce-i-dziatki-csk","status":"publish","type":"wydarzenia","link":"https:\/\/csklublin.pl\/en\/wydarzenia\/galeria-duchow-wernisaz-wystawy-dominiki-czerniak-chojnackiej-ojce-i-dziatki-csk\/","title":{"rendered":"\u201eGaleria Duch\u00f3w\u201d &#8211; Wernisa\u017c wystawy Dominiki Czerniak-Chojnackiej | \u201eOjce i Dziatki\u201d | CSK"},"content":{"rendered":"\n<p>Artystka nie tylko przedstawi poszczeg\u00f3lne duchy, lecz pobudzi wyobra\u017anie widza, poprzez rozmaite insynuacje artystyczne. Duchy nie zadowalaj\u0105 si\u0119 statyczn\u0105 prezentacj\u0105, a ramy cho\u0107 poka\u017anych rozmiar\u00f3w s\u0105 dla nich za ciasne. Wychodz\u0105 wi\u0119c bezczelnie, snuj\u0105c si\u0119 po \u015bcianach przestrzeni galerii.<\/p>\n\n\n\n<p>Wystawa ma charakter rodzinny &#8211; jednak skierowana jest do dzieci powy\u017cej 8\/9 roku \u017cycia, ze wzgl\u0119du na tematyk\u0119, jak r\u00f3wnie\u017c form\u0119 artystyczn\u0105 i styl prac artystki.<\/p>\n\n\n\n<p><strong>Dominika Czerniak-Chojnacka (ur. 1990)<\/strong><br>Magister etnologii i antropologii kulturowej, doktor sztuk pi\u0119knych, asystentka w Pracowni Ilustracji Wydawniczej Uniwersytetu Artystycznego w Poznaniu. <\/p>\n\n\n\n<p>Z zawodu muzyk instrumentalista, podyplomowo pedagog. Prowadzi warsztaty plastyczne z dzie\u0107mi i doros\u0142ymi. Wsp\u00f3\u0142pracuje z wydawnictwami i licznymi o\u015brodkami kultury. <\/p>\n\n\n\n<p>Laureatka wielu krajowych i mi\u0119dzynarodowych nagr\u00f3d, m.in. wyr\u00f3\u017cnienia w konkursie BolognaRagazzi Award 2019 za ksi\u0105\u017ck\u0119 Kominiarz Piekarz, nagrody jury w konkursie Ananas International Illustration Exhibition 2019 na Mi\u0119dzynarodowych Targach Ksi\u0105\u017cki w Pekinie czy wyr\u00f3\u017cnienia w konkursie PTWK Najpi\u0119kniejsza Ksi\u0105\u017cka Roku 2019. <\/p>\n\n\n\n<p>Zilustrowane przez ni\u0105 Dwa s\u0142owa Anny Taraski zdoby\u0142y Nagrod\u0119 Edytorsk\u0105 DOBRE STRONY (2022) i wyr\u00f3\u017cnienie graficzne w konkursie Ksi\u0105\u017cka Roku 2022 Polskiej Sekcji IBBY.<\/p>\n\n\n\n<p><strong>\u201eGaleria Duch\u00f3w\u201d &#8211; Wernisa\u017c wystawy Dominiki Czerniak-Chojnackiej | \u201eOjce i Dziatki\u201d | CSK<\/strong><\/p>\n\n\n\n<p>Miejsce: Galeria wystaw czasowych poziom +1<br>Wiek: 9+<br>Wst\u0119p: bezp\u0142atny<\/p>\n\n\n\n<p>Wernisa\u017c: 13 WRZ | 18.30<\/p>\n\n\n\n<p>Wystawa: od poniedzia\u0142ku do niedzieli: 8.00 &#8211; 21.00 | do 13 PA\u0179<\/p>\n","protected":false},"excerpt":{"rendered":"<p>Artystka nie tylko przedstawi poszczeg\u00f3lne duchy, lecz pobudzi wyobra\u017anie widza, poprzez rozmaite insynuacje artystyczne. Duchy nie zadowalaj\u0105 si\u0119 statyczn\u0105 prezentacj\u0105, a ramy cho\u0107 poka\u017anych rozmiar\u00f3w s\u0105 dla nich za ciasne. Wychodz\u0105 wi\u0119c bezczelnie, snuj\u0105c si\u0119 po \u015bcianach przestrzeni galerii. Wystawa ma charakter rodzinny &#8211; jednak skierowana jest do dzieci powy\u017cej 8\/9 roku \u017cycia, ze wzgl\u0119du [&hellip;]<\/p>\n","protected":false},"featured_media":18238,"template":"","format":"standard","meta":{"_acf_changed":false,"inline_featured_image":false,"footnotes":""},"class_list":["post-18234","wydarzenia","type-wydarzenia","status-publish","format-standard","has-post-thumbnail","hentry"],"acf":[],"_links":{"self":[{"href":"https:\/\/csklublin.pl\/en\/wp-json\/wp\/v2\/wydarzenia\/18234","targetHints":{"allow":["GET"]}}],"collection":[{"href":"https:\/\/csklublin.pl\/en\/wp-json\/wp\/v2\/wydarzenia"}],"about":[{"href":"https:\/\/csklublin.pl\/en\/wp-json\/wp\/v2\/types\/wydarzenia"}],"version-history":[{"count":4,"href":"https:\/\/csklublin.pl\/en\/wp-json\/wp\/v2\/wydarzenia\/18234\/revisions"}],"predecessor-version":[{"id":18301,"href":"https:\/\/csklublin.pl\/en\/wp-json\/wp\/v2\/wydarzenia\/18234\/revisions\/18301"}],"wp:featuredmedia":[{"embeddable":true,"href":"https:\/\/csklublin.pl\/en\/wp-json\/wp\/v2\/media\/18238"}],"wp:attachment":[{"href":"https:\/\/csklublin.pl\/en\/wp-json\/wp\/v2\/media?parent=18234"}],"curies":[{"name":"wp","href":"https:\/\/api.w.org\/{rel}","templated":true}]}}

„Galeria Duchów” &#8211; Wernisaż wystawy Dominiki Czerniak-Chojnackiej | „Ojce i Dziatki” | CSK

<p>Artystka nie tylko przedstawi poszczególne duchy, lecz pobudzi wyobraźnie widza, poprzez rozmaite insynuacje artystyczne. Duchy nie zadowalają się statyczną prezentacją, a ramy choć pokaźnych rozmiarów są dla nich za ciasne. Wychodzą więc bezczelnie, snując się po ścianach przestrzeni galerii.</p>



<p>Wystawa ma charakter rodzinny &#8211; jednak skierowana jest do dzieci powyżej 8/9 roku życia, ze względu na tematykę, jak również formę artystyczną i styl prac artystki.</p>



<p><strong>Dominika Czerniak-Chojnacka (ur. 1990)</strong><br>Magister etnologii i antropologii kulturowej, doktor sztuk pięknych, asystentka w Pracowni Ilustracji Wydawniczej Uniwersytetu Artystycznego w Poznaniu. </p>



<p>Z zawodu muzyk instrumentalista, podyplomowo pedagog. Prowadzi warsztaty plastyczne z dziećmi i dorosłymi. Współpracuje z wydawnictwami i licznymi ośrodkami kultury. </p>



<p>Laureatka wielu krajowych i międzynarodowych nagród, m.in. wyróżnienia w konkursie BolognaRagazzi Award 2019 za książkę Kominiarz Piekarz, nagrody jury w konkursie Ananas International Illustration Exhibition 2019 na Międzynarodowych Targach Książki w Pekinie czy wyróżnienia w konkursie PTWK Najpiękniejsza Książka Roku 2019. </p>



<p>Zilustrowane przez nią Dwa słowa Anny Taraski zdobyły Nagrodę Edytorską DOBRE STRONY (2022) i wyróżnienie graficzne w konkursie Książka Roku 2022 Polskiej Sekcji IBBY.</p>



<p><strong>„Galeria Duchów” &#8211; Wernisaż wystawy Dominiki Czerniak-Chojnackiej | „Ojce i Dziatki” | CSK</strong></p>



<p>Miejsce: Galeria wystaw czasowych poziom +1<br>Wiek: 9+<br>Wstęp: bezpłatny</p>



<p>Wernisaż: 13 WRZ | 18.30</p>



<p>Wystawa: od poniedziałku do niedzieli: 8.00 &#8211; 21.00 | do 13 PAŹ</p>

<p>Artystka nie tylko przedstawi poszczególne duchy, lecz pobudzi wyobraźnie widza, poprzez rozmaite insynuacje artystyczne. Duchy nie zadowalają się statyczną prezentacją, a ramy choć pokaźnych rozmiarów są dla nich za ciasne. Wychodzą więc bezczelnie, snując się po ścianach przestrzeni galerii. Wystawa ma charakter rodzinny &#8211; jednak skierowana jest do dzieci powyżej 8/9 roku życia, ze względu [&hellip;]</p>
