{"id":22247,"date":"2025-04-25T11:19:27","date_gmt":"2025-04-25T09:19:27","guid":{"rendered":"https:\/\/csklublin.pl\/?post_type=wydarzenia&#038;p=22247"},"modified":"2025-05-11T10:26:55","modified_gmt":"2025-05-11T08:26:55","slug":"1000-lecie-koronacji-boleslawa-chrobrego-spektakl-koronacja","status":"publish","type":"wydarzenia","link":"https:\/\/csklublin.pl\/en\/wydarzenia\/1000-lecie-koronacji-boleslawa-chrobrego-spektakl-koronacja\/","title":{"rendered":"1000-lecie koronacji Boles\u0142awa Chrobrego | Spektakl \u201eKoronacja\u201d"},"content":{"rendered":"\n<p>Na ich oczach rozgrywa si\u0119 dramat pierwszego kr\u00f3la Polski, kt\u00f3ry mierzy\u0107 si\u0119 musi z przeciwnikami z tego i nie z tego \u015bwiata.<\/p>\n\n\n\n<p>\u201eKoronacja\u201d to inscenizacyjny rozmach, monumentalna muzyka wykonywana na \u017cywo przez orkiestr\u0119 i ch\u00f3r, kreacje sceniczne znakomitych aktor\u00f3w, dynamiczna akcja, legenda, mistyka, humor i groza.<\/p>\n\n\n\n<p>Przede wszystkim jednak to spektakularna opowie\u015b\u0107 o jednym z najwa\u017cniejszych wydarze\u0144 w historii Polski \u2013 koronacji Boles\u0142awa Chrobrego.<\/p>\n\n\n\n<p>Szyki naszemu pierwszemu kr\u00f3lowi stara si\u0119 pokrzy\u017cowa\u0107 demoniczny Brat Swaro\u017cyc. Imi\u0119 przej\u0105\u0142 po poga\u0144skim bo\u017cku, panu ognia. I nie ma w tym przypadku. U\u017cywa wszystkich swoich mrocznych si\u0142 do walki przeciwko Chrobremu.<\/p>\n\n\n\n<p>Boles\u0142awa wspieraj\u0105 jego roztropna \u017cona Emnilda, szlachetny Otton III i \u015awi\u0119ty Wojciech. Ostatecznie jednak to on sam b\u0119dzie musia\u0142 stawi\u0107 czo\u0142a swoim wrogom.<\/p>\n\n\n\n<p>Od wyniku starcia z nimi zale\u017cy dalszy los Polski. Koronacja to walka o ni\u0105, o jej suwerenno\u015b\u0107, dum\u0119 i wielko\u015b\u0107. To historia, kt\u00f3ra trwa od tysi\u0105ca lat.<\/p>\n\n\n\n<p>Obsada:<br>Gall Anonim \u2013 Micha\u0142 Chorosi\u0144ski<br>Brat Swaro\u017cyc \u2013 Jaros\u0142aw Gajewski<br>Boles\u0142aw Chrobry \u2013 Sebastian Skocze\u0144<br>Wojciech S\u0142awnikowic \u2013 Andrzej Mastalerz\/Robert Latusek<br>Cieszymir Wszemi\u0142 Niebylec Spod Niemczy \u2013 Arkadiusz Janiczek<br>Emnilda \u2013 Agata Klimczak<br>Kacha \u2013 Marta Dylewska<br>Otton III \u2013 Cezary \u0141ukaszewicz<br>Henryk II \u2013 Dariusz Kowalski<br>Jaros\u0142aw I \u2013 Leszek Zdu\u0144<\/p>\n\n\n\n<p>\u2139 Bilety |50 z\u0142|: Kasa CSK oraz <a href=\"https:\/\/bilety.csklublin.pl\/numerowane.html?id=6351&amp;identyfikator=631b2efe25a4c6e9593522be0b940913\">bilety.csklublin.pl<\/a><\/p>\n\n\n\n<p><strong><strong>Patronat Narodowy Prezydenta Rzeczypospolitej Polskiej Andrzeja Dudy nad obchodami Milenium Koronacji Pierwszych Kr\u00f3l\u00f3w Polski<\/strong><\/strong><\/p>\n\n\n\n<figure class=\"wp-block-image size-large\"><a href=\"https:\/\/www.prezydent.pl\/\" rel=\"nofollow noopener\" target=\"_blank\"><img loading=\"lazy\" decoding=\"async\" width=\"1024\" height=\"250\" src=\"https:\/\/csklublin.pl\/wp-content\/uploads\/2025\/04\/RP-znak-poziomy-czarny-1024x250.jpg\" alt=\"\" class=\"wp-image-22269\" srcset=\"https:\/\/csklublin.pl\/wp-content\/uploads\/2025\/04\/RP-znak-poziomy-czarny-1024x250.jpg 1024w, https:\/\/csklublin.pl\/wp-content\/uploads\/2025\/04\/RP-znak-poziomy-czarny-300x73.jpg 300w, https:\/\/csklublin.pl\/wp-content\/uploads\/2025\/04\/RP-znak-poziomy-czarny-768x187.jpg 768w, https:\/\/csklublin.pl\/wp-content\/uploads\/2025\/04\/RP-znak-poziomy-czarny-1536x375.jpg 1536w, https:\/\/csklublin.pl\/wp-content\/uploads\/2025\/04\/RP-znak-poziomy-czarny.jpg 2037w\" sizes=\"auto, (max-width: 1024px) 100vw, 1024px\" \/><\/a><\/figure>\n\n\n\n<p><\/p>\n","protected":false},"excerpt":{"rendered":"<p>Na ich oczach rozgrywa si\u0119 dramat pierwszego kr\u00f3la Polski, kt\u00f3ry mierzy\u0107 si\u0119 musi z przeciwnikami z tego i nie z tego \u015bwiata. \u201eKoronacja\u201d to inscenizacyjny rozmach, monumentalna muzyka wykonywana na \u017cywo przez orkiestr\u0119 i ch\u00f3r, kreacje sceniczne znakomitych aktor\u00f3w, dynamiczna akcja, legenda, mistyka, humor i groza. Przede wszystkim jednak to spektakularna opowie\u015b\u0107 o jednym z [&hellip;]<\/p>\n","protected":false},"featured_media":22248,"template":"","format":"standard","meta":{"_acf_changed":false,"inline_featured_image":false,"footnotes":""},"class_list":["post-22247","wydarzenia","type-wydarzenia","status-publish","format-standard","has-post-thumbnail","hentry"],"acf":[],"_links":{"self":[{"href":"https:\/\/csklublin.pl\/en\/wp-json\/wp\/v2\/wydarzenia\/22247","targetHints":{"allow":["GET"]}}],"collection":[{"href":"https:\/\/csklublin.pl\/en\/wp-json\/wp\/v2\/wydarzenia"}],"about":[{"href":"https:\/\/csklublin.pl\/en\/wp-json\/wp\/v2\/types\/wydarzenia"}],"version-history":[{"count":8,"href":"https:\/\/csklublin.pl\/en\/wp-json\/wp\/v2\/wydarzenia\/22247\/revisions"}],"predecessor-version":[{"id":22481,"href":"https:\/\/csklublin.pl\/en\/wp-json\/wp\/v2\/wydarzenia\/22247\/revisions\/22481"}],"wp:featuredmedia":[{"embeddable":true,"href":"https:\/\/csklublin.pl\/en\/wp-json\/wp\/v2\/media\/22248"}],"wp:attachment":[{"href":"https:\/\/csklublin.pl\/en\/wp-json\/wp\/v2\/media?parent=22247"}],"curies":[{"name":"wp","href":"https:\/\/api.w.org\/{rel}","templated":true}]}}

1000-lecie koronacji Bolesława Chrobrego | Spektakl „Koronacja”

<p>Na ich oczach rozgrywa się dramat pierwszego króla Polski, który mierzyć się musi z przeciwnikami z tego i nie z tego świata.</p>



<p>„Koronacja” to inscenizacyjny rozmach, monumentalna muzyka wykonywana na żywo przez orkiestrę i chór, kreacje sceniczne znakomitych aktorów, dynamiczna akcja, legenda, mistyka, humor i groza.</p>



<p>Przede wszystkim jednak to spektakularna opowieść o jednym z najważniejszych wydarzeń w historii Polski – koronacji Bolesława Chrobrego.</p>



<p>Szyki naszemu pierwszemu królowi stara się pokrzyżować demoniczny Brat Swarożyc. Imię przejął po pogańskim bożku, panu ognia. I nie ma w tym przypadku. Używa wszystkich swoich mrocznych sił do walki przeciwko Chrobremu.</p>



<p>Bolesława wspierają jego roztropna żona Emnilda, szlachetny Otton III i Święty Wojciech. Ostatecznie jednak to on sam będzie musiał stawić czoła swoim wrogom.</p>



<p>Od wyniku starcia z nimi zależy dalszy los Polski. Koronacja to walka o nią, o jej suwerenność, dumę i wielkość. To historia, która trwa od tysiąca lat.</p>



<p>Obsada:<br>Gall Anonim – Michał Chorosiński<br>Brat Swarożyc – Jarosław Gajewski<br>Bolesław Chrobry – Sebastian Skoczeń<br>Wojciech Sławnikowic – Andrzej Mastalerz/Robert Latusek<br>Cieszymir Wszemił Niebylec Spod Niemczy – Arkadiusz Janiczek<br>Emnilda – Agata Klimczak<br>Kacha – Marta Dylewska<br>Otton III – Cezary Łukaszewicz<br>Henryk II – Dariusz Kowalski<br>Jarosław I – Leszek Zduń</p>



<p>ℹ Bilety |50 zł|: Kasa CSK oraz <a href="https://bilety.csklublin.pl/numerowane.html?id=6351&amp;identyfikator=631b2efe25a4c6e9593522be0b940913">bilety.csklublin.pl</a></p>



<p><strong><strong>Patronat Narodowy Prezydenta Rzeczypospolitej Polskiej Andrzeja Dudy nad obchodami Milenium Koronacji Pierwszych Królów Polski</strong></strong></p>



<figure class="wp-block-image size-large"><a href="https://www.prezydent.pl/" rel="nofollow noopener" target="_blank"><img loading="lazy" decoding="async" width="1024" height="250" src="https://csklublin.pl/wp-content/uploads/2025/04/RP-znak-poziomy-czarny-1024x250.jpg" alt="" class="wp-image-22269" srcset="https://csklublin.pl/wp-content/uploads/2025/04/RP-znak-poziomy-czarny-1024x250.jpg 1024w, https://csklublin.pl/wp-content/uploads/2025/04/RP-znak-poziomy-czarny-300x73.jpg 300w, https://csklublin.pl/wp-content/uploads/2025/04/RP-znak-poziomy-czarny-768x187.jpg 768w, https://csklublin.pl/wp-content/uploads/2025/04/RP-znak-poziomy-czarny-1536x375.jpg 1536w, https://csklublin.pl/wp-content/uploads/2025/04/RP-znak-poziomy-czarny.jpg 2037w" sizes="auto, (max-width: 1024px) 100vw, 1024px" /></a></figure>



<p></p>

<p>Na ich oczach rozgrywa się dramat pierwszego króla Polski, który mierzyć się musi z przeciwnikami z tego i nie z tego świata. „Koronacja” to inscenizacyjny rozmach, monumentalna muzyka wykonywana na żywo przez orkiestrę i chór, kreacje sceniczne znakomitych aktorów, dynamiczna akcja, legenda, mistyka, humor i groza. Przede wszystkim jednak to spektakularna opowieść o jednym z [&hellip;]</p>
