{"id":28041,"date":"2025-11-20T13:49:48","date_gmt":"2025-11-20T12:49:48","guid":{"rendered":"https:\/\/csklublin.pl\/?post_type=wydarzenia&#038;p=28041"},"modified":"2025-12-05T09:13:30","modified_gmt":"2025-12-05T08:13:30","slug":"katarzyna-szarek-%ce%b1%ce%bb%ce%ae%ce%b8%ce%b5%ce%b9%ce%b1-wernisaz-csk","status":"publish","type":"wydarzenia","link":"https:\/\/csklublin.pl\/en\/wydarzenia\/katarzyna-szarek-%ce%b1%ce%bb%ce%ae%ce%b8%ce%b5%ce%b9%ce%b1-wernisaz-csk\/","title":{"rendered":"Katarzyna Szarek. \u201e\u0391\u03bb\u03ae\u03b8\u03b5\u03b9\u03b1\u201d | Wernisa\u017c | CSK"},"content":{"rendered":"\n<p>Artystka postrzega cz\u0142owieka jako nierozerwaln\u0105 ca\u0142o\u015b\u0107 ze \u015bwiatem, kt\u00f3ry go otacza i kszta\u0142tuje. Rze\u017aba jest dla niej \u015bwiadectwem czasu, zapisem obecno\u015bci, kultury oraz \u015bwiadomo\u015bci. Ma sprowokowa\u0107 nas do refleksji, stoi na drodze poznawania siebie i otoczenia. <\/p>\n\n\n\n<p>Po niekt\u00f3re obrazy trzeba si\u0119ga\u0107 g\u0142\u0119boko do wewn\u0105trz, nawet je\u015bli nie dotycz\u0105 bezpo\u015brednio naszej historii. Pami\u0119\u0107 o przodkach, ich si\u0142a, ich traumy wro\u015bni\u0119te s\u0105 w nasze ko\u015bci. Przesz\u0142o\u015b\u0107 uczestniczy w akcie kszta\u0142towania widzenia \u2013 patrz\u0105c przed siebie, patrzymy poprzez to, co za nami. <\/p>\n\n\n\n<p>Dzi\u0119ki niej jeste\u015bmy cz\u0119\u015bci\u0105 ca\u0142ego procesu, jak naczynia po\u0142\u0105czone.. Prawdy wynikaj\u0105cej z historii nie da si\u0119 zignorowa\u0107, nie mo\u017cna si\u0119 jej wyprze\u0107 czy wr\u0119cz zak\u0142ama\u0107 \u2013 objawi si\u0119 we w\u0142a\u015bciwym miejscu i czasie, poniewa\u017c taka jest jej natura. Rze\u017aba pozwala na \u015bwiadome przekszta\u0142canie codziennych do\u015bwiadcze\u0144, powstaj\u0105cych napi\u0119\u0107, aktywno\u015bci spo\u0142ecznych i osobistych \u2013 w tworzywo.<\/p>\n\n\n\n<p>Artystka realizuje prace w r\u00f3\u017cnych materia\u0142ach, mi\u0119dzy innymi ze wzgl\u0119du na ich odmienne energie, poniewa\u017c tak, wed\u0142ug niej, rodzi si\u0119 charakter. Drewno, wosk, kolce r\u00f3\u017cy, kamie\u0144, metal, s\u00f3l, ale r\u00f3wnie\u017c woda i ogie\u0144. Materia\u0142y nios\u0105 w sobie \u0142adunek znaczeniowy i symboliczny, staj\u0105 si\u0119 obrazem istniej\u0105cych w nas proces\u00f3w, napi\u0119\u0107 i emocji. <\/p>\n\n\n\n<p>Rze\u017abiarka podnosi p\u0142achty papieru \u015bciernego do rangi materia\u0142u tw\u00f3rczego, staje si\u0119 on nie tylko \u015bwiadkiem szlifowania charakteru, procesu kszta\u0142towania dzie\u0142a a jednocze\u015bnie jego elementem sk\u0142adowym. Wstawiaj\u0105c papier \u015bcierny w z\u0142ote ramy, czyni z niego pejza\u017c czy portret zatarcia.<\/p>\n\n\n\n<p>Kolcami r\u00f3\u017cy zbroi \u015bwiece, stela\u017c pod budow\u0119 portretu czy rdze\u0144 b\u0119d\u0105cy obrazem naszej wewn\u0119trznej konstrukcji. Kolce chroni\u0105, odstraszaj\u0105, zbroj\u0105, daj\u0105 poczucie wewn\u0119trznej si\u0142y i s\u0105 \u015bwiadectwem istnienia tajemnicy ukrytej w pami\u0119ci.<\/p>\n\n\n\n<p>Prawda jest jednym z fundament\u00f3w kszta\u0142tuj\u0105cym nasz\u0105 codzienno\u015b\u0107, \u015bwiadomo\u015b\u0107 i nasze osobowo\u015bci. Pr\u00f3buj\u0105c J\u0105 zatrze\u0107 jedynie zacieramy siebie.<\/p>\n\n\n\n<p><strong>Katarzyna Szarek<\/strong> (ur. 1983) rze\u017abiarka, absolwentka Liceum Sztuk Plastycznych im. Antoniego Kenara w Zakopanem. Studiowa\u0142a na Akademii Sztuk Pi\u0119knych w Warszawie w pracowni prof. Jana Kucza. W 2007 r. w ramach stypendium Erasmus studiowa\u0142a na Akademii Sztuk Pi\u0119knych w Atenach (Grecja). <\/p>\n\n\n\n<p>W 2008 r. obroni\u0142a dyplom z Rze\u017aby warszawskiej Akademii Sztuk Pi\u0119knych w pracowni prof. Grzegorza Kowalskiego. Obrona mia\u0142a miejsce w Centrum Rze\u017aby Polskiej w Oro\u0144sku. W roku 2018 uzyska\u0142a stopie\u0144 doktora sztuki na Akademii Sztuk Pi\u0119knych w Warszawie.<\/p>\n\n\n\n<p><strong>Katarzyna Szarek. \u201e\u0391\u03bb\u03ae\u03b8\u03b5\u03b9\u03b1\u201d | CSK<\/strong><br>Galeria Wystaw Czasowych +1<br>Wernisa\u017c 5 grudnia | godz. 18.00<br>Wystawa 6 GRU &#8211; 11 STY | godz. 8.00-21.00<br>Wst\u0119p wolny<\/p>\n\n\n\n<p><\/p>\n","protected":false},"excerpt":{"rendered":"<p>Artystka postrzega cz\u0142owieka jako nierozerwaln\u0105 ca\u0142o\u015b\u0107 ze \u015bwiatem, kt\u00f3ry go otacza i kszta\u0142tuje. Rze\u017aba jest dla niej \u015bwiadectwem czasu, zapisem obecno\u015bci, kultury oraz \u015bwiadomo\u015bci. Ma sprowokowa\u0107 nas do refleksji, stoi na drodze poznawania siebie i otoczenia. Po niekt\u00f3re obrazy trzeba si\u0119ga\u0107 g\u0142\u0119boko do wewn\u0105trz, nawet je\u015bli nie dotycz\u0105 bezpo\u015brednio naszej historii. Pami\u0119\u0107 o przodkach, ich [&hellip;]<\/p>\n","protected":false},"featured_media":28047,"template":"","format":"standard","meta":{"_acf_changed":false,"inline_featured_image":false,"footnotes":""},"class_list":["post-28041","wydarzenia","type-wydarzenia","status-publish","format-standard","has-post-thumbnail","hentry"],"acf":[],"_links":{"self":[{"href":"https:\/\/csklublin.pl\/en\/wp-json\/wp\/v2\/wydarzenia\/28041","targetHints":{"allow":["GET"]}}],"collection":[{"href":"https:\/\/csklublin.pl\/en\/wp-json\/wp\/v2\/wydarzenia"}],"about":[{"href":"https:\/\/csklublin.pl\/en\/wp-json\/wp\/v2\/types\/wydarzenia"}],"version-history":[{"count":8,"href":"https:\/\/csklublin.pl\/en\/wp-json\/wp\/v2\/wydarzenia\/28041\/revisions"}],"predecessor-version":[{"id":28247,"href":"https:\/\/csklublin.pl\/en\/wp-json\/wp\/v2\/wydarzenia\/28041\/revisions\/28247"}],"wp:featuredmedia":[{"embeddable":true,"href":"https:\/\/csklublin.pl\/en\/wp-json\/wp\/v2\/media\/28047"}],"wp:attachment":[{"href":"https:\/\/csklublin.pl\/en\/wp-json\/wp\/v2\/media?parent=28041"}],"curies":[{"name":"wp","href":"https:\/\/api.w.org\/{rel}","templated":true}]}}

Katarzyna Szarek. „Αλήθεια” | Wernisaż | CSK

<p>Artystka postrzega człowieka jako nierozerwalną całość ze światem, który go otacza i kształtuje. Rzeźba jest dla niej świadectwem czasu, zapisem obecności, kultury oraz świadomości. Ma sprowokować nas do refleksji, stoi na drodze poznawania siebie i otoczenia. </p>



<p>Po niektóre obrazy trzeba sięgać głęboko do wewnątrz, nawet jeśli nie dotyczą bezpośrednio naszej historii. Pamięć o przodkach, ich siła, ich traumy wrośnięte są w nasze kości. Przeszłość uczestniczy w akcie kształtowania widzenia – patrząc przed siebie, patrzymy poprzez to, co za nami. </p>



<p>Dzięki niej jesteśmy częścią całego procesu, jak naczynia połączone.. Prawdy wynikającej z historii nie da się zignorować, nie można się jej wyprzeć czy wręcz zakłamać – objawi się we właściwym miejscu i czasie, ponieważ taka jest jej natura. Rzeźba pozwala na świadome przekształcanie codziennych doświadczeń, powstających napięć, aktywności społecznych i osobistych – w tworzywo.</p>



<p>Artystka realizuje prace w różnych materiałach, między innymi ze względu na ich odmienne energie, ponieważ tak, według niej, rodzi się charakter. Drewno, wosk, kolce róży, kamień, metal, sól, ale również woda i ogień. Materiały niosą w sobie ładunek znaczeniowy i symboliczny, stają się obrazem istniejących w nas procesów, napięć i emocji. </p>



<p>Rzeźbiarka podnosi płachty papieru ściernego do rangi materiału twórczego, staje się on nie tylko świadkiem szlifowania charakteru, procesu kształtowania dzieła a jednocześnie jego elementem składowym. Wstawiając papier ścierny w złote ramy, czyni z niego pejzaż czy portret zatarcia.</p>



<p>Kolcami róży zbroi świece, stelaż pod budowę portretu czy rdzeń będący obrazem naszej wewnętrznej konstrukcji. Kolce chronią, odstraszają, zbroją, dają poczucie wewnętrznej siły i są świadectwem istnienia tajemnicy ukrytej w pamięci.</p>



<p>Prawda jest jednym z fundamentów kształtującym naszą codzienność, świadomość i nasze osobowości. Próbując Ją zatrzeć jedynie zacieramy siebie.</p>



<p><strong>Katarzyna Szarek</strong> (ur. 1983) rzeźbiarka, absolwentka Liceum Sztuk Plastycznych im. Antoniego Kenara w Zakopanem. Studiowała na Akademii Sztuk Pięknych w Warszawie w pracowni prof. Jana Kucza. W 2007 r. w ramach stypendium Erasmus studiowała na Akademii Sztuk Pięknych w Atenach (Grecja). </p>



<p>W 2008 r. obroniła dyplom z Rzeźby warszawskiej Akademii Sztuk Pięknych w pracowni prof. Grzegorza Kowalskiego. Obrona miała miejsce w Centrum Rzeźby Polskiej w Orońsku. W roku 2018 uzyskała stopień doktora sztuki na Akademii Sztuk Pięknych w Warszawie.</p>



<p><strong>Katarzyna Szarek. „Αλήθεια” | CSK</strong><br>Galeria Wystaw Czasowych +1<br>Wernisaż 5 grudnia | godz. 18.00<br>Wystawa 6 GRU &#8211; 11 STY | godz. 8.00-21.00<br>Wstęp wolny</p>



<p></p>

<p>Artystka postrzega człowieka jako nierozerwalną całość ze światem, który go otacza i kształtuje. Rzeźba jest dla niej świadectwem czasu, zapisem obecności, kultury oraz świadomości. Ma sprowokować nas do refleksji, stoi na drodze poznawania siebie i otoczenia. Po niektóre obrazy trzeba sięgać głęboko do wewnątrz, nawet jeśli nie dotyczą bezpośrednio naszej historii. Pamięć o przodkach, ich [&hellip;]</p>
