{"id":42245,"date":"2026-01-23T14:02:35","date_gmt":"2026-01-23T13:02:35","guid":{"rendered":"https:\/\/csklublin.pl\/?post_type=wydarzenia&#038;p=42245"},"modified":"2026-02-09T14:15:16","modified_gmt":"2026-02-09T13:15:16","slug":"akademia-filmowa-festiwalu-nnw-film-zycie-i-smierci-maxa-lindera-2024","status":"publish","type":"wydarzenia","link":"https:\/\/csklublin.pl\/en\/wydarzenia\/akademia-filmowa-festiwalu-nnw-film-zycie-i-smierci-maxa-lindera-2024\/","title":{"rendered":"Akademia Filmowa Festiwalu NNW. | Film \u201e\u017bYCIE I \u015aMIERCI MAXA LINDERA\u201d (2024)"},"content":{"rendered":"\n<p>Niegdy\u015b czczony we Francji, w ca\u0142ej Europie i w Hollywood. Pionier wczesnej komedii kina niemego, mentor Charliego Chaplina. Max pi\u0119ciokrotnie cudem unikn\u0105\u0142 \u015bmierci. Po czym, u szczytu swoich artystycznych mo\u017cliwo\u015bci, wraz z uwielbian\u0105 \u017con\u0105 pope\u0142ni\u0142 podw\u00f3jne samob\u00f3jstwo. Dzi\u015b Max Linder i jego filmy s\u0105 prawie zapomniane. Jak to jest mo\u017cliwe?<\/p>\n\n\n\n<p>\u201e\u017bYCIE I \u015aMIERCI MAXA LINDERA\u201d re\u017cyseria i scenariusz Edward Porembny<\/p>\n\n\n\n<p>Polsko-francuski re\u017cyser, scenarzysta i producent, ma w dorobku wiele utytu\u0142owanych film\u00f3w dokumentalnych i fabularnych m.in. Le voyageur de l\u2019espace, Angleterre Undergroud, Death Leap, Sexopolo, Spadek, Men for Hire, Ju\u017c jestem, Madame Tyson, Do ostatniego drzewa, \u017bycie i \u015bmierci Maxa Lindera.<\/p>\n\n\n\n<p>\u2022 Produkcja: Polska, Francja<br>\u2022 Rok produkcji: 2024<\/p>\n\n\n\n<p>Film rozpoczyna si\u0119 hollywoodzk\u0105 kronik\u0105 filmow\u0105 z 31 pa\u017adziernika 1925 roku, przedstawiaj\u0105c\u0105 \u201eIntymne spojrzenie na ulubion\u0105 gwiazd\u0119: Maxa Lindera\u201d. Max ma wszystko, o czym m\u0119\u017cczyzna mo\u017ce marzy\u0107. Jest \u015bwiatowej s\u0142awy bogat\u0105 gwiazd\u0105 filmow\u0105. Jest \u017conaty z bardzo m\u0142od\u0105 i pi\u0119kn\u0105 kobiet\u0105, z kt\u00f3r\u0105 wychowuje 18-miesi\u0119czn\u0105 c\u00f3rk\u0119. Nast\u0119pnego dnia \u2013 1 listopada 1925 roku \u2013 \u015bwiat nagle dowiaduje si\u0119, \u017ce Max Linder i jego \u017cona, Ninette Peters, pope\u0142nili samob\u00f3jstwo. Zaczynaj\u0105c od policyjnego \u015bledztwa, film bada, co mog\u0142o sk\u0142oni\u0107 aktora do tak tragicznego kroku.<\/p>\n\n\n\n<p><\/p>\n\n\n\n<p><strong>Akademia Filmowa Festiwalu NNW. | Film \u201e\u017bYCIE I \u015aMIERCI MAXA LINDERA\u201d (2024)<\/strong><br>Sala Kinowa<br>12 LUT 2026 r. | godz. 18.00<br>Bilety |10 z\u0142|: Kasa CSK oraz <a href=\"https:\/\/bilety.csklublin.pl\/nienumerowane.html?id=6713&amp;identyfikator=fc332bb14b4c6a04892cbfef31016934\" target=\"_blank\" rel=\"noreferrer noopener\">bilety.csklublin.pl<\/a><\/p>\n","protected":false},"excerpt":{"rendered":"<p>Niegdy\u015b czczony we Francji, w ca\u0142ej Europie i w Hollywood. Pionier wczesnej komedii kina niemego, mentor Charliego Chaplina. Max pi\u0119ciokrotnie cudem unikn\u0105\u0142 \u015bmierci. Po czym, u szczytu swoich artystycznych mo\u017cliwo\u015bci, wraz z uwielbian\u0105 \u017con\u0105 pope\u0142ni\u0142 podw\u00f3jne samob\u00f3jstwo. Dzi\u015b Max Linder i jego filmy s\u0105 prawie zapomniane. Jak to jest mo\u017cliwe? \u201e\u017bYCIE I \u015aMIERCI MAXA LINDERA\u201d [&hellip;]<\/p>\n","protected":false},"featured_media":42266,"template":"","format":"standard","meta":{"_acf_changed":false,"inline_featured_image":false,"footnotes":""},"class_list":["post-42245","wydarzenia","type-wydarzenia","status-publish","format-standard","has-post-thumbnail","hentry"],"acf":[],"_links":{"self":[{"href":"https:\/\/csklublin.pl\/en\/wp-json\/wp\/v2\/wydarzenia\/42245","targetHints":{"allow":["GET"]}}],"collection":[{"href":"https:\/\/csklublin.pl\/en\/wp-json\/wp\/v2\/wydarzenia"}],"about":[{"href":"https:\/\/csklublin.pl\/en\/wp-json\/wp\/v2\/types\/wydarzenia"}],"version-history":[{"count":5,"href":"https:\/\/csklublin.pl\/en\/wp-json\/wp\/v2\/wydarzenia\/42245\/revisions"}],"predecessor-version":[{"id":42669,"href":"https:\/\/csklublin.pl\/en\/wp-json\/wp\/v2\/wydarzenia\/42245\/revisions\/42669"}],"wp:featuredmedia":[{"embeddable":true,"href":"https:\/\/csklublin.pl\/en\/wp-json\/wp\/v2\/media\/42266"}],"wp:attachment":[{"href":"https:\/\/csklublin.pl\/en\/wp-json\/wp\/v2\/media?parent=42245"}],"curies":[{"name":"wp","href":"https:\/\/api.w.org\/{rel}","templated":true}]}}

Akademia Filmowa Festiwalu NNW. | Film „ŻYCIE I ŚMIERCI MAXA LINDERA” (2024)

<p>Niegdyś czczony we Francji, w całej Europie i w Hollywood. Pionier wczesnej komedii kina niemego, mentor Charliego Chaplina. Max pięciokrotnie cudem uniknął śmierci. Po czym, u szczytu swoich artystycznych możliwości, wraz z uwielbianą żoną popełnił podwójne samobójstwo. Dziś Max Linder i jego filmy są prawie zapomniane. Jak to jest możliwe?</p>



<p>„ŻYCIE I ŚMIERCI MAXA LINDERA” reżyseria i scenariusz Edward Porembny</p>



<p>Polsko-francuski reżyser, scenarzysta i producent, ma w dorobku wiele utytułowanych filmów dokumentalnych i fabularnych m.in. Le voyageur de l’espace, Angleterre Undergroud, Death Leap, Sexopolo, Spadek, Men for Hire, Już jestem, Madame Tyson, Do ostatniego drzewa, Życie i śmierci Maxa Lindera.</p>



<p>• Produkcja: Polska, Francja<br>• Rok produkcji: 2024</p>



<p>Film rozpoczyna się hollywoodzką kroniką filmową z 31 października 1925 roku, przedstawiającą „Intymne spojrzenie na ulubioną gwiazdę: Maxa Lindera”. Max ma wszystko, o czym mężczyzna może marzyć. Jest światowej sławy bogatą gwiazdą filmową. Jest żonaty z bardzo młodą i piękną kobietą, z którą wychowuje 18-miesięczną córkę. Następnego dnia – 1 listopada 1925 roku – świat nagle dowiaduje się, że Max Linder i jego żona, Ninette Peters, popełnili samobójstwo. Zaczynając od policyjnego śledztwa, film bada, co mogło skłonić aktora do tak tragicznego kroku.</p>



<p></p>



<p><strong>Akademia Filmowa Festiwalu NNW. | Film „ŻYCIE I ŚMIERCI MAXA LINDERA” (2024)</strong><br>Sala Kinowa<br>12 LUT 2026 r. | godz. 18.00<br>Bilety |10 zł|: Kasa CSK oraz <a href="https://bilety.csklublin.pl/nienumerowane.html?id=6713&amp;identyfikator=fc332bb14b4c6a04892cbfef31016934" target="_blank" rel="noreferrer noopener">bilety.csklublin.pl</a></p>

<p>Niegdyś czczony we Francji, w całej Europie i w Hollywood. Pionier wczesnej komedii kina niemego, mentor Charliego Chaplina. Max pięciokrotnie cudem uniknął śmierci. Po czym, u szczytu swoich artystycznych możliwości, wraz z uwielbianą żoną popełnił podwójne samobójstwo. Dziś Max Linder i jego filmy są prawie zapomniane. Jak to jest możliwe? „ŻYCIE I ŚMIERCI MAXA LINDERA” [&hellip;]</p>
