{"id":46663,"date":"2026-09-02T09:49:43","date_gmt":"2026-09-02T07:49:43","guid":{"rendered":"https:\/\/csklublin.pl\/?post_type=wydarzenia&#038;p=46663"},"modified":"2026-09-02T09:49:44","modified_gmt":"2026-09-02T07:49:44","slug":"ojczyzna-kino-csk","status":"publish","type":"wydarzenia","link":"https:\/\/csklublin.pl\/en\/wydarzenia\/ojczyzna-kino-csk\/","title":{"rendered":"OJCZYZNA | Kino CSK"},"content":{"rendered":"\n<p class=\"wp-block-paragraph\">Akcja rozgrywa si\u0119 w szczytowym okresie zimnej wojny. Ojciec i c\u00f3rka wyruszaj\u0105 w trudn\u0105, pe\u0142n\u0105 emocji podr\u00f3\u017c czarnym Buickiem przez zrujnowane Niemcy \u2013 z Frankfurtu pod kontrol\u0105 ameryka\u0144sk\u0105 do Weimaru pod wp\u0142ywem sowieckim. <\/p>\n\n\n\n<p class=\"wp-block-paragraph\">Po raz pierwszy od zako\u0144czenia wojny Mann wraca do swojej ojczyzny, po tym jak podj\u0105\u0142 wcze\u015bniej trudn\u0105 decyzj\u0119 o emigracji do Stan\u00f3w Zjednoczonych.<\/p>\n\n\n\n<p class=\"wp-block-paragraph\">re\u017c. Pawe\u0142 Pawlikowski \/Francja, Niemcy, Polska, W\u0142ochy 2026 \/ Hanns Zischler, Sandra H\u00fcller, August Diehl, Anna Madeley \/ 82 min<\/p>\n\n\n\n<p class=\"wp-block-paragraph\">KATEGORIA WIEKOWA \u2013 III KATEGORIA OD LAT 16<\/p>\n\n\n\n<p class=\"wp-block-paragraph\">06 WRZ | NIEDZIELA \u2013 18:00<\/p>\n\n\n\n<p class=\"wp-block-paragraph\">Bilety: normalny 20 z\u0142, ulgowy 18 z\u0142: Kasa CSK oraz <a href=\"https:\/\/bilety.csklublin.pl\/nienumerowane.html?id=7173&amp;identyfikator=69641ccb8cdf23405b0710421dc66452\">bilety.csklublin.pl<\/a><\/p>\n","protected":false},"excerpt":{"rendered":"<p>Akcja rozgrywa si\u0119 w szczytowym okresie zimnej wojny. Ojciec i c\u00f3rka wyruszaj\u0105 w trudn\u0105, pe\u0142n\u0105 emocji podr\u00f3\u017c czarnym Buickiem przez zrujnowane Niemcy \u2013 z Frankfurtu pod kontrol\u0105 ameryka\u0144sk\u0105 do Weimaru pod wp\u0142ywem sowieckim. Po raz pierwszy od zako\u0144czenia wojny Mann wraca do swojej ojczyzny, po tym jak podj\u0105\u0142 wcze\u015bniej trudn\u0105 decyzj\u0119 o emigracji do Stan\u00f3w [&hellip;]<\/p>\n","protected":false},"featured_media":46664,"template":"","format":"standard","meta":{"_acf_changed":false,"inline_featured_image":false,"footnotes":""},"class_list":["post-46663","wydarzenia","type-wydarzenia","status-publish","format-standard","has-post-thumbnail","hentry"],"acf":[],"_links":{"self":[{"href":"https:\/\/csklublin.pl\/en\/wp-json\/wp\/v2\/wydarzenia\/46663","targetHints":{"allow":["GET"]}}],"collection":[{"href":"https:\/\/csklublin.pl\/en\/wp-json\/wp\/v2\/wydarzenia"}],"about":[{"href":"https:\/\/csklublin.pl\/en\/wp-json\/wp\/v2\/types\/wydarzenia"}],"version-history":[{"count":3,"href":"https:\/\/csklublin.pl\/en\/wp-json\/wp\/v2\/wydarzenia\/46663\/revisions"}],"predecessor-version":[{"id":46691,"href":"https:\/\/csklublin.pl\/en\/wp-json\/wp\/v2\/wydarzenia\/46663\/revisions\/46691"}],"wp:featuredmedia":[{"embeddable":true,"href":"https:\/\/csklublin.pl\/en\/wp-json\/wp\/v2\/media\/46664"}],"wp:attachment":[{"href":"https:\/\/csklublin.pl\/en\/wp-json\/wp\/v2\/media?parent=46663"}],"curies":[{"name":"wp","href":"https:\/\/api.w.org\/{rel}","templated":true}]}}

<p class="wp-block-paragraph">Akcja rozgrywa się w szczytowym okresie zimnej wojny. Ojciec i córka wyruszają w trudną, pełną emocji podróż czarnym Buickiem przez zrujnowane Niemcy – z Frankfurtu pod kontrolą amerykańską do Weimaru pod wpływem sowieckim. </p>



<p class="wp-block-paragraph">Po raz pierwszy od zakończenia wojny Mann wraca do swojej ojczyzny, po tym jak podjął wcześniej trudną decyzję o emigracji do Stanów Zjednoczonych.</p>



<p class="wp-block-paragraph">reż. Paweł Pawlikowski /Francja, Niemcy, Polska, Włochy 2026 / Hanns Zischler, Sandra Hüller, August Diehl, Anna Madeley / 82 min</p>



<p class="wp-block-paragraph">KATEGORIA WIEKOWA – III KATEGORIA OD LAT 16</p>



<p class="wp-block-paragraph">06 WRZ | NIEDZIELA – 18:00</p>



<p class="wp-block-paragraph">Bilety: normalny 20 zł, ulgowy 18 zł: Kasa CSK oraz <a href="https://bilety.csklublin.pl/nienumerowane.html?id=7173&amp;identyfikator=69641ccb8cdf23405b0710421dc66452">bilety.csklublin.pl</a></p>

<p>Akcja rozgrywa się w szczytowym okresie zimnej wojny. Ojciec i córka wyruszają w trudną, pełną emocji podróż czarnym Buickiem przez zrujnowane Niemcy – z Frankfurtu pod kontrolą amerykańską do Weimaru pod wpływem sowieckim. Po raz pierwszy od zakończenia wojny Mann wraca do swojej ojczyzny, po tym jak podjął wcześniej trudną decyzję o emigracji do Stanów [&hellip;]</p>
